8 - 5) - (-6 + 4)?
5
Evaluate -5 - (8 - 16) - (2 - -1).
0
Evaluate 0 + (-8 - (-9 - -9)).
-8
What is -7 + (-4 - (-8 + 0)) - -4?
1
7 - (-3 - -9) - 5 - -5
1
Calculate -1 + 6 - (0 + 5 - 8).
8
Calculate (-10 - (-21 + 10)) + 2.
3
Calculate (1 - -1) + 3 + -1 - 2.
2
What is the value of 14 + -4 - 2 - 12?
-4
Calculate (3 - -1 - (1 + 0)) + -4.
-1
What is 2 - (2 + -4 + -3)?
7
What is -5 + 10 + -7 - -1?
-1
-2 + -6 + 13 + (1 - 3)
3
What is 8 - 1 - ((5 - 2) + -1)?
5
What is (5 + 0 - 6) + 7 + 1?
7
What is the value of 9 + (6 - 1) + -3?
11
Calculate 1 + -5 + (0 - -3) + 3.
2
Evaluate (2 - -1) + -6 - -7.
4
What is the value of (0 - -2) + (-10 - -6) + 0?
-2
What is (8 - (3 - 0)) + -3 + 2?
4
Evaluate (0 - 4) + 7 + (-6 - -5).
2
What is (-1 - -4 - (11 + -9)) + 1?
2
What is the value of (3 - 1) + -4 + 9 + -7?
0
Calculate (18 + -15 - (-2 + -2)) + -9.
-2
Evaluate (-2 - (9 + -5)) + 13 - 2.
5
Calculate -4 + 4 + (4 - 1).
3
Evaluate 1 + -4 + 2 + 4.
3
What is 9 + (-1 - 9) + -5?
-6
What is the value of 4 + -4 - (-1 + -2)?
3
What is the value of -2 + 1 + -3 + 0 + 0?
-4
Evaluate -12 - (-6 + 3 + -4).
-5
-15 - (-7 - (2 - 2 - 2))
-10
What is 5 + -5 + 2 - 7?
-5
What is the value of -20 - -15 - (3 + -5)?
-3
Calculate (-5 + 1 - -7) + 3 + -4.
2
What is the value of -106 + 113 + (-1 + -3 - -1)?
4
-1 - ((-6 - 0) + 0)
5
Calculate 0 + 0 + -2 - (-1 - 0).
-1
-6 + 1 + -5 + 1 + 16
7
Evaluate -1 + 1 - (11 - 11).
0
Evaluate -2 - (-11 + 23 + -10).
-4
Calculate 44 - 53 - (0 + -17).
8
10 + -6 - (0 - 1)
5
What is 3 - (-1 - 2 - (-2 - 4))?
0
2 - ((-2 - -1) + 2)
1
Evaluate -1 - (1 + -1) - 1.
-2
What is -5 + 1 + 0 + 3?
-1
-9 - (-5 + -4 - -6)
-6
4 - (3 - -1) - 3
-3
Evaluate 3 + 0 + (5 - (5 - 2)).
5
Calculate (7 - 5) + -2 + 2.
2
Evaluate 0 + (3 - 4 - -2).
1
0 + (2 - -2) + 0
4
What is 3 + -2 - (14 + -19 - -2)?
4
(-8 - (8 - 12)) + -4
-8
Calculate -2 + -2 + 5 + 0 - -3.
4
What is -5 - -3 - (-1 + -1) - -2?
2
What is the value of -10 + 5 - ((-3 - -2) + 2)?
-6
(1 - (-8 + 0)) + -11
-2
What is the value of -1 - ((-4 - 0) + -3 + 3)?
3
2 + -2 + (-1 - -9) + -3
5
Calculate 6 + -9 - (-3 - (-5 + 1)).
-4
-12 + -1 + 17 + -3
1
What is 2 + (-17 - -17 - (-11 + 2))?
11
Evaluate 0 - 2 - 2 - (-20 + 13).
3
Evaluate -5 + 5 + 1 + -3 + 6.
4
7 - (10 - 7 - -5)
-1
Evaluate -3 + 1 + (-3 - (-8 + 4)).
-1
Calculate 15 + (1 - 1) + -4.
11
What is the value of (5 - 10) + -1 + (6 - 0)?
0
What is the value of (-2 - -6 - -2 - 3) + 0?
3
What is -2 - (-1 - (-3 + -1 - -3))?
-2
Evaluate -3 + 1 + (-4 - -4) + 4.
2
What is 6 - (4 + -2 + (-4 - -2))?
6
What is 3 - (-2 - 1) - 11?
-5
Evaluate 2 - -2 - 3 - 2.
-1
Calculate 12 - (19 + -7 + 11).
-11
Calculate 4 + -5 + 4 - (0 - -7).
-4
Calculate (4 - 10) + 5 - 1.
-2
What is the value of 2 - -1 - (0 - (-7 + 1))?
-3
What is the value of (1 - 3) + -2 + (-1 - -1)?
-4
What is (2 + 0 - 0) + -2?
0
Evaluate 6 + -3 - (7 + -7).
3
What is -2 - ((-2 - -1) + 1)?
-2
Evaluate (2 - 6) + (4 - -2).
2
Calculate -6 + -4 + 7 - -1.
-2
What is the value of -1 + -4 + 4 + 5?
4
What is 1 + -2 + 5 - (-5 - -7)?
2
Calculate -8 + 4 + 1 - -6 - 2.
1
Evaluate -3 - (1 + (3 - 1) + -8).
2
-6 + 0 + -15 + 16 - -2
-3
Evaluate -6 + (-3 - -9) + 6 + -15.
-9
-11 + 2 + (6 - (5 - 4))
-4
-3 - ((5 - 2) + -1 + -1)
-4
(4 - 0) + (1 - 3)
2
Calculate (0 - (0 + 7)) + 10.
3
Calculate (-22 - -20) + (6 - -2).
6
What is the value of -2 + (-3 - ((-4 - -9) + -5))?
-5
Evaluate 2 - (5 - -1 - 9).
5
Calculate (5 - 0) + (-5 - (7 - 8)).
1
What is the value of -10 - (-5 + -2 + 3)?
-6
What is the value of -115 - -102 - (-17 - 1)?
5
0 - (-3 + 3 - -2)
-2
What is the value of 15 + (12 - 30) - (0 + -4)?
1
What is (0 - -3) + -11 + 11?
3
Evaluate -1 + 6 + (3 - 4).
4
What is the value of -10 - (3 + 4 - 24)?
7
Evaluate -1 - (1 - -1) - (-25 - -25).
-3
What is the value of -6 + 13 - (-3 + 2 - -7)?
1
What is the value of 2 - (-2 - -5) - (18 + -21)?
2
What is -1 - (1 - (3 - (1 + 4)))?
-4
What is the value of (1 - 1) + -16 + 16 - 8?
-8
Calculate (-2 - -14) + -17 + (5 - -6).
6
What is the value of -9 + 2 + 1 - -3?
-3
Evaluate -2 + (-1 - 0) + 11 + -6.
2
What is 36 - 41 - (-4 + 1 + 1)?
-3
What is the value of -5 + 0 - (11 - 17)?
1
What is the value of 2 - (-7 + (-5 - -12))?
2
What is the value of -17 + 11 - (-4 + -4)?
2
Evaluate 2 - (-9 - (-11 + -9)).
-9
(-4 - (-6 - -6)) + 8
4
5 + -2 - (-5 + 2 + 3)
3
Evaluate 2 - -2 - 8 - -8.
4
Calculate 5 - (1 - (-5 + 3)).
2
What is (144 - 154) + (5 - 0)?
-5
Evaluate -1 - (-2 - 1 - (-2 + 1)).
1
What is the value of (12 + 3 - 6) + (2 - 7)?
4
2 - (4 - ((7 - 1) + -4))
0
What is the value of 98 + -95 + (-1 - (8 - 0))?
-6
Evaluate -1 + 9 + (-5 - -2) + 1.
6
Calculate 7 - (4 + 7 + -7).
3
What is the value of (15 - (-11 - -23)) + 8?
11
Calculate (5 - 7) + -1 - (0 - 3).
0
Calculate -8 - (-23 + 6) - 3.
6
What is the value of (4 - (-4 - -13)) + -5 + 14?
4
Calculate -1 + 5 - (-3 + 4).
3
Evaluate -1 + 1 - (89 + -92).
3
What is the value of -8 - (1 - (4 + -1)) - -1?
-5
Calculate (-26 - -9) + 5 + (3 - -3).
-6
What is the value of (1 - 0) + (20 - 19) + 5?
7
What is the value of 6 - ((8 - -3) + -6)?
1
Calculate 13 + (11 - 34) - 1.
-11
What is the value of (2 + -7 - -1) + 3?
-1
What is the value of (13 - 14) + 1 + 6 + -1?
5
What is -15 + 16 + 3 + 0 + -2?
2
Calculate (1 - 6) + 5 - 3.
-3
0 + (1 - -2) + (-1 - 4)
-2
What is -16 - -17 - (-2 - 0)?
3
Evaluate (-23 - -15) + (-2 - -9).
-1
Calculate -9 + -21 + 9 + 12.
-9
What is the value of 7 - 4 - (-1 + (0 - -7))?
-3
Evaluate -1 + (-5 - -5) + (-3 - -5).
1
Evaluate 8 + -7 + (2 - -1).
4
3 + (-11 - -14) - (-1 - -1)
6
What is -2 + 1 + 2 + 1?
2
What is 8 + 0 + -1 + (-248 - -248)?
7
Calculate 0 + (-4 + 0 - (-5 - 0)).
1
Evaluate (-1 - -8) + (42 - 43).
6
What is the value of -55 - -56 - (2 + -6)?
5
What is the value of -7 + (4 - 1) + 1?
-3
Evaluate 1 + -7 + 1 + -9 + 11.
-3
Calculate (16 - 14) + (2 - (0 - 0)).
4
Evaluate (-12 - (0 - 7)) + (1 - 6).
-10
Calculate 1 - (-4 - (3 + -15) - 2).
-5
Calculate -12 + -12 + (9 - -11).
-4
Evaluate (-14 - -15 - 7) + 7.
1
Calculate 1 + 2 - (0 - 2).
5
Evaluate 0 - 3 - (3 - 1 - 8).
3
What is the value of -3 + (1 - ((4 - 16) + 6))?
4
Evaluate (-2 - -2) + 0 + -2 + 1.
-1
What is the value of 9 + (-2 - -5 - 9) - -4?
7
(3 + 3 - 1) + 23 + -30
-2
What is -4 - ((4 - 6) + -5)?
3
6 - (-2 - -13) - 2
-7
6 + (5 + -5 - 0 - 3)
3
Evaluate 3 - (3 - (4 + -1)).
3
(17 - (3 + 6)) + -8
0
Evaluate (-11 - 3) + -5 + 14.
-5
What is -2 + (-1 - (-1 + 4 + -6))?
0
0 + 3 - (-2 - (-6 - 0))
-1
What is the value of 7 + -7 + 0 + 2?
2
What is the value of -5 + (19 - 14) - (-6 - -1)?
5
-25 - (1 + -5 - 11)
-10
1 + -3 + (1 - (0 + -3))
2
Evaluate 0 - (11 + -15 + 2).
2
7 + -1 + (75 - 84)
-3
Evaluate -4 - (-1 + -1 + (0 - 3)).
1
What is 3 + 0 - 1 - 7?
-5
What is the value of (-1 + -1 + 1 - 0) + 4?
3
2 + (6 - 2) + -5 + -5
-4
(-10 - -13) + 3 + (-6 - -2)
2
What is 8 + (0 - -1) + (466 - 466)?
9
11 + (13 - 18 - 1)
5
Calculate -1 - (-2 - (1 - 0 - 4)).
-2
Evaluate 1 - -2 - (-4 + 9).
-2
Calculate -9 + (3 - (-6 - -4 - 1)).
-3
What is 0 + -5 - (9 + -17) - 9?
-6
7 - (-5 - (1 + -4))
9
Evaluate (1 + 1 - 0) + -13 + 10.
-1
What is (-1 - 0) + -2 + (-12 - -18)?
3
What is the value of 18 - 6 - 15 - -10?
7
Calculate (-16 - (8 - 16) - -2) + 3.
-3
Calculate -5 - ((-4 - -3) + -1).
-3
What is (-10 - -5) + 2 + 1 + 0?
-2
Calculate 6 + (4 - 5) + -12 + 1.
-6
What is the value of -191 - -184 - (-9 - (-4 + 2))?
0
Calculate -18 - (-4 - (5 - -2)).
-7
Evaluate (-5 - (12 + -30)) + -6.
7
What is the value of (-3 - 5 - -2) + 0?
-6
What is the value of -2 - 0 - (-12 + 13)?
-3
What is -5 + -5 + 13 - (1 + 6)?
-4
Calculate -36 + 42 - (1 + 8).
-3
Calculate -8 - -4 - (-2 + 3 - 4).
-1
What is 4 + (4 - -1) - 11?
-2
(1 - 1) + 11 + -8
3
What is the value of (-7 + 8 - 7) + 3?
-3
What is the value of (2 - 0 - (-6 - -4)) + -8?
-4
What is the value of -4 + 3 + -8 + 5?
-4
Evaluate 3 + 5 + (-9 - -5).
4
What is (45 - 44) + -5 + 0?
-4
Evaluate -9 - (-6 - 8 - -5).
0
Evaluate 8 + (1 - 3) - -1.
7
Calculate -12 + 9 - 5 - -6.
-2
Calculate (-1 - -3) + -9 + 10.
3
What is -4 - (-1 + 3 + -7)?
1
What is 66 + -55 + (-17 - 1)?
-7
2 + (-8 - -1) + (10 - 2)
3
Evaluate -2 + 5 + -6 - -9 - 2.
4
Calculate (5 - 7) + 2 + -5.
-5
What is (0 - 0) + 6 + -2 + -2?
2
What is -1 + -2 - (-14 - (-23 + 14))?
2
0 - 2 - (15 - 19)
2
What is 6 - (6 + 3 + -8)?
5
Calculate -6 + (1 - -1) + 3.
-1
Calculate -3 + (8 - (5 - 1)) - 4.
-3
W